d by 35?
19
Calculate the remainder when 749188 is divided by 49926.
298
What is the remainder when 11255473 is divided by 1160?
1153
Calculate the remainder when 2006992 is divided by 24772.
460
Calculate the remainder when 53559179 is divided by 460.
459
What is the remainder when 98618 is divided by 23584?
4282
What is the remainder when 25707 is divided by 546?
45
Calculate the remainder when 283074892 is divided by 3947.
3946
Calculate the remainder when 127686000 is divided by 84.
36
Calculate the remainder when 88779 is divided by 29342.
753
Calculate the remainder when 332506 is divided by 41525.
306
What is the remainder when 23142595 is divided by 780?
775
Calculate the remainder when 8708617 is divided by 12129.
12124
What is the remainder when 911734 is divided by 13?
5
Calculate the remainder when 3160838 is divided by 3160635.
203
What is the remainder when 448254 is divided by 17234?
170
Calculate the remainder when 14088750 is divided by 417.
405
Calculate the remainder when 14867899 is divided by 628.
627
What is the remainder when 60953902 is divided by 16?
14
Calculate the remainder when 13441716 is divided by 407322.
90
What is the remainder when 1028566 is divided by 2?
0
Calculate the remainder when 19705 is divided by 17660.
2045
Calculate the remainder when 1439043 is divided by 422.
23
Calculate the remainder when 150545394 is divided by 110.
54
What is the remainder when 1583844 is divided by 2253?
2238
Calculate the remainder when 2022493 is divided by 202231.
183
What is the remainder when 281889780 is divided by 244?
240
What is the remainder when 20707206 is divided by 17?
16
What is the remainder when 51679 is divided by 736?
159
What is the remainder when 43298464 is divided by 102119?
8
What is the remainder when 976103 is divided by 122011?
15
Calculate the remainder when 2029502 is divided by 436.
358
What is the remainder when 3920184 is divided by 148?
108
What is the remainder when 26104 is divided by 901?
876
Calculate the remainder when 6306032 is divided by 3152978.
76
Calculate the remainder when 157618529 is divided by 48.
17
What is the remainder when 85883 is divided by 21440?
123
Calculate the remainder when 3080095 is divided by 42778.
79
What is the remainder when 601898 is divided by 3260?
2058
What is the remainder when 8129834 is divided by 3029?
3027
Calculate the remainder when 3833533 is divided by 33925.
8
What is the remainder when 1252958 is divided by 104406?
86
Calculate the remainder when 16232752 is divided by 8803.
20
Calculate the remainder when 2993591 is divided by 168.
167
Calculate the remainder when 88510091 is divided by 66.
65
Calculate the remainder when 334517 is divided by 334301.
216
Calculate the remainder when 1063378 is divided by 8373.
7
Calculate the remainder when 319285 is divided by 6517.
6469
What is the remainder when 81047 is divided by 26699?
950
Calculate the remainder when 73837838 is divided by 12954.
38
Calculate the remainder when 58577 is divided by 4331.
2274
Calculate the remainder when 19653 is divided by 1347.
795
What is the remainder when 163938040 is divided by 54646006?
22
What is the remainder when 267128 is divided by 5233?
245
Calculate the remainder when 144640 is divided by 1165.
180
What is the remainder when 20776029 is divided by 144?
141
What is the remainder when 370974 is divided by 122141?
4551
Calculate the remainder when 361515 is divided by 14459.
40
Calculate the remainder when 5061940 is divided by 136.
20
Calculate the remainder when 24978542 is divided by 18.
14
What is the remainder when 3711948 is divided by 230?
208
Calculate the remainder when 5195 is divided by 454.
201
What is the remainder when 46218485 is divided by 14?
5
What is the remainder when 66431852 is divided by 607?
558
Calculate the remainder when 1271751 is divided by 4802.
4023
What is the remainder when 35123740 is divided by 1042?
4
Calculate the remainder when 2297540 is divided by 17.
7
What is the remainder when 577991745 is divided by 4?
1
Calculate the remainder when 429706 is divided by 148.
62
Calculate the remainder when 3880142 is divided by 2851.
2782
What is the remainder when 200746032 is divided by 66915341?
9
Calculate the remainder when 149624 is divided by 475.
474
What is the remainder when 41892946 is divided by 839?
837
Calculate the remainder when 525947 is divided by 105125.
322
What is the remainder when 2423374 is divided by 1211677?
20
What is the remainder when 446502 is divided by 605?
12
What is the remainder when 31681716 is divided by 6336334?
46
What is the remainder when 134328760 is divided by 678428?
16
Calculate the remainder when 1428284 is divided by 357071.
0
What is the remainder when 4978543 is divided by 657?
454
Calculate the remainder when 257891235 is divided by 66.
63
Calculate the remainder when 87108449 is divided by 580.
569
What is the remainder when 580358 is divided by 176?
86
What is the remainder when 238260 is divided by 18297?
399
Calculate the remainder when 4405493 is divided by 25.
18
Calculate the remainder when 1273451 is divided by 70.
11
What is the remainder when 13823874 is divided by 300519?
0
What is the remainder when 884331 is divided by 176751?
576
Calculate the remainder when 314151 is divided by 979.
871
Calculate the remainder when 59703 is divided by 231.
105
What is the remainder when 924319 is divided by 924299?
20
Calculate the remainder when 580258 is divided by 58025.
8
What is the remainder when 20996 is divided by 2087?
126
What is the remainder when 105346 is divided by 940?
66
What is the remainder when 326132 is divided by 157299?
11534
What is the remainder when 963280 is divided by 481635?
10
What is the remainder when 522642 is divided by 261043?
556
What is the remainder when 115906 is divided by 2270?
136
What is the remainder when 18418 is divided by 15560?
2858
What is the remainder when 513861 is divided by 389?
381
Calculate the remainder when 11008136 is divided by 65.
61
Calculate the remainder when 247579 is divided by 268.
215
Calculate the remainder when 25633 is divided by 12008.
1617
Calculate the remainder when 45643970 is divided by 5705495.
10
Calculate the remainder when 2433944 is divided by 28633.
139
Calculate the remainder when 131704 is divided by 257.
120
What is the remainder when 800479 is divided by 160092?
19
Calculate the remainder when 6116973 is divided by 12.
9
Calculate the remainder when 635930 is divided by 596.
594
Calculate the remainder when 82377 is divided by 2941.
29
What is the remainder when 924528 is divided by 1761?
3
Calculate the remainder when 2480046 is divided by 1930.
1926
What is the remainder when 28529201 is divided by 307?
305
Calculate the remainder when 199461 is divided by 66462.
75
What is the remainder when 368562 is divided by 122113?
2223
What is the remainder when 107511014 is divided by 15937?
12
Calculate the remainder when 734270 is divided by 7530.
3860
What is the remainder when 30102795 is divided by 84086?
7
Calculate the remainder when 15519106 is divided by 4007.
4002
What is the remainder when 217404 is divided by 272?
76
Calculate the remainder when 630650 is divided by 63.
20
Calculate the remainder when 37639207 is divided by 7443.
7399
What is the remainder when 2675570 is divided by 50481?
77
Calculate the remainder when 25502749 is divided by 455.
454
What is the remainder when 1982625 is divided by 603?
564
Calculate the remainder when 2397271 is divided by 1323.
1318
Calculate the remainder when 5459281 is divided by 1279.
509
Calculate the remainder when 1483012 is divided by 33.
25
Calculate the remainder when 298231 is divided by 73438.
4479
Calculate the remainder when 8001244 is divided by 121230.
64
What is the remainder when 801817 is divided by 1186?
81
What is the remainder when 1131654 is divided by 13634?
32
Calculate the remainder when 71488 is divided by 2595.
1423
Calculate the remainder when 1222862 is divided by 9.
5
What is the remainder when 24677266 is divided by 161?
152
Calculate the remainder when 1106649 is divided by 791.
40
Calculate the remainder when 342706 is divided by 6075.
2506
Calculate the remainder when 106363 is divided by 4624.
11
Calculate the remaind